n(t)?
-6
Let g(t) = 4*t + 0 + 1 - 2*t. Suppose 6*m = -4*m - 2070. Let p = m - -203. Give g(p).
-7
Suppose -3*m + 8 = -22. Let y(f) = -4 + 5 - f - m*f**2 - 5*f**2 - f**3 + 19*f**2. What is y(3)?
7
Suppose 3*k = -5*d + 26, -4*d - 2*k + 27 = 5. Suppose -12*u + d*u = -100. Suppose u*s - 6*s = 0. Let f(l) = l**3 + l**2 + l - 14. Give f(s).
-14
Let p(c) = -10*c**2 - 41*c - 35. Let g be p(-1). Let l(j) = j**3 - 11*j + 23. Give l(g).
3
Let d(q) = -2*q - 2. Suppose -7*f - 73 = -185. Let o be (-3)/(f/4 + (2 - 5)). Determine d(o).
4
Let z = 9 + 0. Let h(d) = 3*d - 21. Let u be h(z). Suppose 0 = 5*r + 10, 3*r + 2 = -2*t + u*r. Let c(b) = 4*b + 6. Give c(t).
-10
Suppose 0 = 5*w - 2*y + 6, -16*w + 20*w = -y + 3. Let h(a) = 4 - a**2 + w*a**2 - 1 + 14*a - 10*a - 7. Determine h(6).
-16
Let i(b) = 2*b**3 - 11*b**2 + 6*b - 11. Suppose -60*h - 525 = -165*h. What is i(h)?
-6
Let c(v) = -v**3 - 18*v**2 - 20*v - 360. Let p be c(-18). Let h(m) = -2*m**2 + 7*m - 6. What is h(p)?
-6
Let y(g) = -g**3 + g**2 + 2*g + 11. Suppose 0 = -q - 4*k - 589, 10*q - 6*q + k + 2296 = 0. Let n = -573 - q. Determine y(n).
11
Let c(b) be the third derivative of -b**5/60 - 17*b**4/24 - b**3/3 - 263*b**2. Determine c(-17).
-2
Let a(s) be the first derivative of s**3 - 56*s + 6. Let m(f) be the first derivative of a(f). Determine m(-1).
-6
Suppose 194*i - 80 = 186*i. Let q(t) = 6*t**2 - 3*t - 21. Let r(a) = a**2 + a. Let j(n) = q(n) - 5*r(n). What is j(i)?
-1
Let d(q) = q + 18. Suppose 3 = -4*v + 4*h + 63, 38 = 2*v - 4*h. Suppose -v*i - 9 + 9 = 0. What is d(i)?
18
Let r = 2581/3 - 5161/6. Let v(b) be the second derivative of r*b**3 - 5/2*b**2 + 21*b + 0. Calculate v(5).
0
Let b(i) be the second derivative of -i**5/20 - i**4/2 + 5*i**3/6 + 7*i**2/2 - 13156*i. Let s be 2 + -3 - -3 - 9. Determine b(s).
21
Let i be (-98)/(-280)*-5 + (-6)/24. Let v(n) be the second derivative of 0 + n + 1/6*n**3 + n**2. Give v(i).
0
Suppose 19*p = -21*p + 133 + 187. Let g(s) = -s**2 + 8*s + 1. What is g(p)?
1
Let z(f) be the first derivative of -1/2*f**4 - 1/2*f**2 + 0*f**3 + 21 - 2*f. Let j(u) be the first derivative of z(u). Determine j(1).
-7
Let k(y) = 4*y**2 - 50*y - 27. Let u(w) = -w**3 - 8*w**2 - 10*w - 8. Let z be u(-7). Let x be k(z). Let i(t) = 3*t. Determine i(x).
-3
Let f(g) = 68*g**2 - 186*g**2 + 104*g**2 + 3*g - 6*g - 3. Determine f(-2).
-53
Let l(c) = -4*c - 69. Suppose -5*k = g - 9, 63 = -3*g + 874*k - 871*k. Determine l(g).
-5
Let z(g) = -61*g - 436. Let o(s) = s**2 - 20*s + 12. Let p be o(1). Calculate z(p).
-9
Let a(g) = 24*g - 109. Suppose -17*w - 12*w = -145. Calculate a(w).
11
Let t be 10/95 + 216/114. Let j(s) = 6*s**2 - 7*s**2 + 1 + 0*s**2 - 2*s - 2*s**t. Let f be (-1 + 2 + 1)*-1. Calculate j(f).
-7
Let f(p) = -p**2 - 7*p + 19. Let z be (3 - -1)/(-7 + (-91)/(-14)). Determine f(z).
11
Let w = 165 + -163. Let l(o) = 5*o**w + 2*o**2 + o**3 + 8 + 0*o**2 + o**2. Calculate l(-8).
8
Let z(d) be the second derivative of -12 + 0*d**2 - d + 2/3*d**3. Calculate z(6).
24
Suppose 4*p + 2 = g + 13, 0 = -3*p - 5*g + 14. Let o = 6 + -2. Let q(c) = -c**2 + 2*c + 5*c - o - 3*c. Calculate q(p).
-1
Let c(u) = 4*u**2 - 12*u + 24. Let r(k) be the first derivative of 5*k**3/3 - 13*k**2/2 + 24*k - 221. Let p(a) = 6*c(a) - 5*r(a). What is p(-10)?
-6
Let o(f) be the second derivative of f**3/3 + 31*f**2/2 + 4*f + 363. What is o(-18)?
-5
Let n(b) = -b**2 - 13*b - 8. Let p be 0 + (-419 - 7/(-1)). Let u = p + 400. What is n(u)?
4
Suppose 0 = 3*j + 3*l + 3 - 39, 0 = -3*j + l + 52. Let k(m) be the first derivative of m**4/4 - 5*m**3 - 15*m**2/2 - 19*m - 2554. Give k(j).
-3
Let b = -80 - -85. Suppose -8 = -2*x, 4*x + 9 = -2*r + b. Let m(d) = -d**2 - 11*d - 6. Give m(r).
4
Suppose 4*l = 9*l - 25. Suppose -20 = -l*y + 10*y. Let v be -3 - (-1)/(y/(-32)). Let b(x) = x**2 - 3*x - 2. What is b(v)?
8
Suppose 5*j = -4*y + 38, 3*j + 4*y - 14 = 2*j. Let o(f) = -f + 2. Let b(q) = -13. Let v(t) = -b(t) + 3*o(t). Let x be v(j). Let n(a) = -2*a. Give n(x).
-2
Let b(m) = -199*m - 129. Let n(x) = 97*x + 1. Let c(u) = -b(u) - 2*n(u). What is c(0)?
127
Let v(o) = o**2 + 4*o + 2. Let z(u) = -488*u**2 + 5 + 4*u + 0*u + 5*u + 490*u**2 + 0. Let p(b) = -5*v(b) + 2*z(b). Give p(-3).
-3
Let g(c) = c**3 - 34*c**2 + 31*c + 47. Let v(z) = -z**3 - 24*z**2 + 534*z + 109. Let a be v(-38). Give g(a).
-19
Let f(s) = -8*s**3 + s**2 - s - 1. Let m be f(-1). Suppose -i = 3*i + 3*l - 1425, 2*l - 6 = 0. Let o(p) = 172 + 195 - p - i. What is o(m)?
4
Suppose p + 15 = -2*r + 23, 4*p = 3*r - 1. Let n = 11 - 3. Let j(q) = n + 62*q**3 + 7*q**2 + 0*q - q - 63*q**r. What is j(7)?
1
Let w(v) be the first derivative of v**4 - v**3/3 + v**2 - 2*v + 99. Give w(-2).
-42
Let h(b) = -b + 5. Suppose -9*d + 8 = -5*d. Suppose 5*w = 2*p + 8*w + 12, -5*p - d*w - 30 = 0. Calculate h(p).
11
Suppose 12 = -12*o + 30*o - 16*o. Let y(t) = t**3 - 7*t**2 + 3*t - 8. What is y(o)?
-26
Let v = -11 + 44. Let k(q) = 18 - v - 3*q**2 + 14 + q. What is k(-2)?
-15
Let c(h) be the second derivative of -5*h**3/6 + 5*h**2/2 - 51163*h. Suppose -3*z = -z - 8. Calculate c(z).
-15
Let t be 1*-59*(4 - 3). Let d = t - -75. Suppose 12 = -12*z + d*z. Let c(v) = 2*v**2 - 2*v - 3. Calculate c(z).
9
Let l(w) = w**3 - 9*w**2 + 2*w - 3. Let m be l(7). Let s = m - -93. Let h(f) = f + 1. Let r(q) = 4*q. Let j(a) = -3*h(a) + r(a). What is j(s)?
3
Let l(z) = 45*z**2 - 21 + 4*z - 158*z**2 + 40*z**2 + 36*z**2 + 36*z**2. Give l(4).
-21
Let v(q) be the third derivative of q**6/120 + 4*q**5/15 - 5*q**3/2 + 5*q**2 + 2. Suppose -5*l + 66*h - 71*h = 80, -5*l + 5*h = 80. Determine v(l).
-15
Let y(v) be the third derivative of v**4/4 - 7*v**3/2 + 954*v**2. Give y(5).
9
Let d = 1 + 4. Suppose m + 3*b = d - 0, 25 = 5*m - b. Let l(s) be the first derivative of s**2 + 2*s + 16018. Give l(m).
12
Let y(d) = -102022*d + 110 + 102002*d + 21. Calculate y(6).
11
Let u(f) = 23*f - 180. Let t be u(8). Suppose -28 = -4*q + 2*x, -2*q = 2*q - 3*x - 30. Suppose 22 = -q*w + t. Let m(n) = 4*n + 1. Give m(w).
-11
Let x(s) = -s**3 + 2*s**2 + 2*s - 2. Let w be x(2). Suppose -j + 2*y - 15 = -w*j, 0 = -2*y + 10. Let n(z) = -166*z - j + 0 + 167*z. What is n(6)?
1
Let y(h) = -9*h**2 - 10*h + 6*h**2 + 15*h + h**3 - 3*h - 52 - 18*h**2. Determine y(21).
-10
Let i(z) = z**2 + 3*z - 50. Let p = 637 - 648. Let n(g) = g**2 + 2*g - 27. Let x(m) = p*n(m) + 6*i(m). What is x(-2)?
-15
Let f = -185 - -190. Let q(s) = -f*s - 33 + 4*s + 32. Give q(-5).
4
Let j = -15682 + 15660. Let g(x) = -26*x - 552. Give g(j).
20
Let j(t) = t**2 + 33*t - 8. Let n(h) = -h**2 - 36*h + 7. Let a(g) = 9*j(g) + 8*n(g). Give a(-9).
-16
Let c = -382 + 440. Let y(s) = -7*s - 22 - 18 - 19 + s**2 + c. What is y(8)?
7
Let m = -111 + 49. Let i = m - -68. Suppose 0 = -3*d - 2*f + 27, 4*f - i = 2*f. Let t(u) = u**2 - 9*u + 8. Determine t(d).
-6
Let m(l) = l**3 + 11*l**2 - 11*l + 13. Suppose -8*h = -3*h - 20, 4*f + 4*h + 32 = 0. What is m(f)?
1
Suppose 166*p = 144*p - 110. Let k(d) = -10*d + 19. Calculate k(p).
69
Let w(r) = r**3 + 10*r**2 + 16*r - 4. Suppose 214 = -93*g - 530. What is w(g)?
-4
Let p = 17 - 12. Suppose -5 = -3*z + 4*a - 3*a, p*a - 20 = 0. Let h(w) be the first derivative of -w**3/3 + 2*w**2 - 3*w - 10. What is h(z)?
0
Let h(u) = u**3 - 6*u**2 + 2*u. Let s(v) = -8*v - 148. Let i = 360 - 379. Let o be s(i). Calculate h(o).
-24
Suppose 151 = 31*i - 66. Suppose 0 = -16*j + i*j - 36. Let z(u) = -u**2 - 6*u - 8. Determine z(j).
0
Let m(y) = y**2 + 7*y + 3. Let p be 16/12*(-84)/8. Let f be 300/(-35) + 5 + 6/p. Give m(f).
-9
Let s(m) = 5*m**2 + 2*m - 4. Let h be (3/(-4) - (-5 + 5))/((-3)/12). Give s(h).
47
Let d(a) = -a + 19. Suppose 6*q + 61*q = 1072. Determine d(q).
3
Suppose -3*z - 3*x - 19 = -4*z, -4*z + 2*x + 46 = 0. Suppose -z = 16*j - 14*j. Let l(d) = -6*d - 4. What is l(j)?
26
Let n(i) = 15*i + 15. Let q(a) = 17*a + 16. Let f(v) = -4*n(v) + 3*q(v). Let j(z) = 7*z + 10. Let k(c) = 4*f(c) + 5*j(c). Suppose -s = 2*s + 18. Determine k(s).
8
Let n(t) = 3*t**3 + 8*t + 8. Let q = -6928 + 6927. Determine n(q).
-3
Let p(n) be the first derivative of n**5/20 + 5*n**4/12 + n**3 - 143*n + 115. Let s(w) be the first derivative of p(w). Give s(-3).
0
Let z = -9798 + 9804. Let w(s) = s**3 - 6*s**2 - 5*s + 11. Calculate w(z).
-19
Let v(n) = n**2 + 13*n + 11. Let d be ((40/(-12))/(-10)